{"id":59,"date":"2020-09-08T09:49:07","date_gmt":"2020-09-08T09:49:07","guid":{"rendered":"http:\/\/zwillingshandbuch.de\/?page_id=59"},"modified":"2020-09-08T09:49:08","modified_gmt":"2020-09-08T09:49:08","slug":"essen","status":"publish","type":"page","link":"http:\/\/zwillingshandbuch.de\/?page_id=59","title":{"rendered":"Essen"},"content":{"rendered":"\n<figure class=\"wp-block-image size-large is-resized\"><img decoding=\"async\" src=\"http:\/\/zwillingshandbuch.de\/wp-content\/uploads\/2020\/02\/essen.png\" alt=\"\" class=\"wp-image-18\" width=\"100\" srcset=\"http:\/\/zwillingshandbuch.de\/wp-content\/uploads\/2020\/02\/essen.png 981w, http:\/\/zwillingshandbuch.de\/wp-content\/uploads\/2020\/02\/essen-300x264.png 300w, http:\/\/zwillingshandbuch.de\/wp-content\/uploads\/2020\/02\/essen-768x675.png 768w\" sizes=\"(max-width: 981px) 100vw, 981px\" \/><\/figure>\n\n\n\n<p>Ein Thema welches sehr viel Spa\u00df machen kann oder sehr anstrengend sein kann ist das Essen. Gerade zu Anfang beseht das Essen nur aus Muttermilch und Selbst anger\u00fchrter Pre Nahrung in Flaschen. F\u00fcr die Muttermilch ist die Mutter zust\u00e4ndig, aber abgef\u00fcllte Muttermilch oder selbst anger\u00fchrte Nahrung kann auch der Vater oder andere Personen sehr gut geben. <\/p>\n","protected":false},"excerpt":{"rendered":"<p>Ein Thema welches sehr viel Spa\u00df machen kann oder sehr anstrengend sein kann ist das Essen. Gerade zu Anfang beseht das Essen nur aus Muttermilch und Selbst anger\u00fchrter Pre Nahrung in Flaschen. F\u00fcr die Muttermilch ist die Mutter zust\u00e4ndig, aber<\/p>\n","protected":false},"author":1,"featured_media":0,"parent":0,"menu_order":0,"comment_status":"closed","ping_status":"closed","template":"","meta":{"footnotes":""},"class_list":["post-59","page","type-page","status-publish","hentry"],"_links":{"self":[{"href":"http:\/\/zwillingshandbuch.de\/index.php?rest_route=\/wp\/v2\/pages\/59","targetHints":{"allow":["GET"]}}],"collection":[{"href":"http:\/\/zwillingshandbuch.de\/index.php?rest_route=\/wp\/v2\/pages"}],"about":[{"href":"http:\/\/zwillingshandbuch.de\/index.php?rest_route=\/wp\/v2\/types\/page"}],"author":[{"embeddable":true,"href":"http:\/\/zwillingshandbuch.de\/index.php?rest_route=\/wp\/v2\/users\/1"}],"replies":[{"embeddable":true,"href":"http:\/\/zwillingshandbuch.de\/index.php?rest_route=%2Fwp%2Fv2%2Fcomments&post=59"}],"version-history":[{"count":1,"href":"http:\/\/zwillingshandbuch.de\/index.php?rest_route=\/wp\/v2\/pages\/59\/revisions"}],"predecessor-version":[{"id":60,"href":"http:\/\/zwillingshandbuch.de\/index.php?rest_route=\/wp\/v2\/pages\/59\/revisions\/60"}],"wp:attachment":[{"href":"http:\/\/zwillingshandbuch.de\/index.php?rest_route=%2Fwp%2Fv2%2Fmedia&parent=59"}],"curies":[{"name":"wp","href":"https:\/\/api.w.org\/{rel}","templated":true}]}}